{"id":91,"date":"2020-07-25T09:57:18","date_gmt":"2020-07-25T09:57:18","guid":{"rendered":"https:\/\/etgcorporate.com\/index.php\/proceso\/"},"modified":"2022-08-18T02:13:02","modified_gmt":"2022-08-18T02:13:02","slug":"proceso","status":"publish","type":"page","link":"https:\/\/etgcorporate.com\/index.php\/proceso\/","title":{"rendered":"Nuestros Aliados"},"content":{"rendered":"\t\t<div data-elementor-type=\"wp-page\" data-elementor-id=\"91\" class=\"elementor elementor-91\">\n\t\t\t\t\t\t\t\t\t<section class=\"elementor-section elementor-top-section elementor-element elementor-element-021c30e elementor-section-boxed elementor-section-height-default elementor-section-height-default\" data-id=\"021c30e\" data-element_type=\"section\">\n\t\t\t\t\t\t<div class=\"elementor-container elementor-column-gap-default\">\n\t\t\t\t\t<div class=\"elementor-column elementor-col-100 elementor-top-column elementor-element elementor-element-fbd5634\" data-id=\"fbd5634\" data-element_type=\"column\">\n\t\t\t<div class=\"elementor-widget-wrap elementor-element-populated\">\n\t\t\t\t\t\t\t\t<div class=\"elementor-element elementor-element-a777c84 elementor-widget elementor-widget-image\" data-id=\"a777c84\" data-element_type=\"widget\" data-widget_type=\"image.default\">\n\t\t\t\t<div class=\"elementor-widget-container\">\n\t\t\t<style>\/*! elementor - v3.7.1 - 14-08-2022 *\/\n.elementor-widget-image{text-align:center}.elementor-widget-image a{display:inline-block}.elementor-widget-image a img[src$=\".svg\"]{width:48px}.elementor-widget-image img{vertical-align:middle;display:inline-block}<\/style>\t\t\t\t\t\t\t\t\t\t\t\t<img loading=\"lazy\" decoding=\"async\" width=\"411\" height=\"122\" src=\"https:\/\/etgcorporate.com\/wp-content\/uploads\/2022\/08\/usa.png\" class=\"attachment-medium_large size-medium_large\" alt=\"\" srcset=\"https:\/\/etgcorporate.com\/wp-content\/uploads\/2022\/08\/usa.png 411w, https:\/\/etgcorporate.com\/wp-content\/uploads\/2022\/08\/usa-300x89.png 300w\" sizes=\"(max-width: 411px) 100vw, 411px\" \/>\t\t\t\t\t\t\t\t\t\t\t\t\t\t\t<\/div>\n\t\t\t\t<\/div>\n\t\t\t\t<div class=\"elementor-element elementor-element-0f9d892 elementor-align-center elementor-widget elementor-widget-button\" data-id=\"0f9d892\" data-element_type=\"widget\" data-widget_type=\"button.default\">\n\t\t\t\t<div class=\"elementor-widget-container\">\n\t\t\t\t\t<div class=\"elementor-button-wrapper\">\n\t\t\t<a href=\"\" class=\"elementor-button-link elementor-button elementor-size-sm\" role=\"button\">\n\t\t\t\t\t\t<span class=\"elementor-button-content-wrapper\">\n\t\t\t\t\t\t<span class=\"elementor-button-text\">Visitar la pagina web<\/span>\n\t\t<\/span>\n\t\t\t\t\t<\/a>\n\t\t<\/div>\n\t\t\t\t<\/div>\n\t\t\t\t<\/div>\n\t\t\t\t<div class=\"elementor-element elementor-element-a49e0d6 elementor-widget elementor-widget-text-editor\" data-id=\"a49e0d6\" data-element_type=\"widget\" data-widget_type=\"text-editor.default\">\n\t\t\t\t<div class=\"elementor-widget-container\">\n\t\t\t<style>\/*! elementor - v3.7.1 - 14-08-2022 *\/\n.elementor-widget-text-editor.elementor-drop-cap-view-stacked .elementor-drop-cap{background-color:#818a91;color:#fff}.elementor-widget-text-editor.elementor-drop-cap-view-framed .elementor-drop-cap{color:#818a91;border:3px solid;background-color:transparent}.elementor-widget-text-editor:not(.elementor-drop-cap-view-default) .elementor-drop-cap{margin-top:8px}.elementor-widget-text-editor:not(.elementor-drop-cap-view-default) .elementor-drop-cap-letter{width:1em;height:1em}.elementor-widget-text-editor .elementor-drop-cap{float:left;text-align:center;line-height:1;font-size:50px}.elementor-widget-text-editor .elementor-drop-cap-letter{display:inline-block}<\/style>\t\t\t\t<div class=\"elementor-element elementor-element-7f3bd87 elementor-widget elementor-widget-heading\" data-id=\"7f3bd87\" data-element_type=\"widget\" data-widget_type=\"heading.default\"><div class=\"elementor-widget-container\"><h2 class=\"elementor-heading-title elementor-size-default\">USAID demuestra la buena voluntad de Estados Unidos en todo el mundo:<\/h2><\/div><\/div><div class=\"elementor-element elementor-element-0948511 elementor-widget elementor-widget-text-editor\" data-id=\"0948511\" data-element_type=\"widget\" data-widget_type=\"text-editor.default\"><div class=\"elementor-widget-container\"><div class=\"elementor-text-editor elementor-clearfix\"><ul><li>Aumenta la estabilidad global al abordar las causas profundas de la violencia.<\/li><li>Abre nuevos mercados y genera oportunidad para el comercio; crea soluciones innovadoras para desaf\u00edos de desarrollo que antes no ten\u00edan soluci\u00f3n<\/li><li>Salva vidas, promueve la democracia, la gobernabilidad y la paz.<\/li><li>El programa de asistencia de USAID a El Salvador reconoce que la seguridad y el crecimiento econ\u00f3mico de la regi\u00f3n centroamericana impactan a los Estados Unidos.\u00a0<\/li><li>En consonancia con los objetivos de la pol\u00edtica exterior del gobierno de los EE. UU., USAID aborda las causas de la migraci\u00f3n irregular trabajando con el gobierno y el pueblo de El Salvador por un pa\u00eds m\u00e1s pr\u00f3spero, seguro y bien gobernado para que los salvadore\u00f1os pueden prosperar en casa.<\/li><\/ul><\/div><\/div><\/div>\t\t\t\t\t\t<\/div>\n\t\t\t\t<\/div>\n\t\t\t\t<div class=\"elementor-element elementor-element-1ce0f9a elementor-widget elementor-widget-image\" data-id=\"1ce0f9a\" data-element_type=\"widget\" data-widget_type=\"image.default\">\n\t\t\t\t<div class=\"elementor-widget-container\">\n\t\t\t\t\t\t\t\t\t\t\t\t\t\t\t<img loading=\"lazy\" decoding=\"async\" width=\"211\" height=\"300\" src=\"https:\/\/etgcorporate.com\/wp-content\/uploads\/2022\/08\/asi-211x300.jpeg\" class=\"attachment-medium size-medium\" alt=\"\" srcset=\"https:\/\/etgcorporate.com\/wp-content\/uploads\/2022\/08\/asi-211x300.jpeg 211w, https:\/\/etgcorporate.com\/wp-content\/uploads\/2022\/08\/asi.jpeg 235w\" sizes=\"(max-width: 211px) 100vw, 211px\" \/>\t\t\t\t\t\t\t\t\t\t\t\t\t\t\t<\/div>\n\t\t\t\t<\/div>\n\t\t\t\t<div class=\"elementor-element elementor-element-7e4dc83 elementor-align-center elementor-widget elementor-widget-button\" data-id=\"7e4dc83\" data-element_type=\"widget\" data-widget_type=\"button.default\">\n\t\t\t\t<div class=\"elementor-widget-container\">\n\t\t\t\t\t<div class=\"elementor-button-wrapper\">\n\t\t\t<a href=\"http:\/\/www.industriaelsalvador.com\/\" class=\"elementor-button-link elementor-button elementor-size-sm\" role=\"button\">\n\t\t\t\t\t\t<span class=\"elementor-button-content-wrapper\">\n\t\t\t\t\t\t<span class=\"elementor-button-text\">Visitar pagina web<\/span>\n\t\t<\/span>\n\t\t\t\t\t<\/a>\n\t\t<\/div>\n\t\t\t\t<\/div>\n\t\t\t\t<\/div>\n\t\t\t\t<div class=\"elementor-element elementor-element-a4c87ad elementor-align-center elementor-widget elementor-widget-button\" data-id=\"a4c87ad\" data-element_type=\"widget\" data-widget_type=\"button.default\">\n\t\t\t\t<div class=\"elementor-widget-container\">\n\t\t\t\t\t<div class=\"elementor-button-wrapper\">\n\t\t\t<a href=\"http:\/\/www.facebook.com\/GremialASI\" class=\"elementor-button-link elementor-button elementor-size-sm\" role=\"button\">\n\t\t\t\t\t\t<span class=\"elementor-button-content-wrapper\">\n\t\t\t\t\t\t<span class=\"elementor-button-text\">Visitar Facebook<\/span>\n\t\t<\/span>\n\t\t\t\t\t<\/a>\n\t\t<\/div>\n\t\t\t\t<\/div>\n\t\t\t\t<\/div>\n\t\t\t\t<div class=\"elementor-element elementor-element-a793df7 elementor-widget elementor-widget-text-editor\" data-id=\"a793df7\" data-element_type=\"widget\" data-widget_type=\"text-editor.default\">\n\t\t\t\t<div class=\"elementor-widget-container\">\n\t\t\t\t\t\t\t<div class=\"elementor-element elementor-element-ae2cd5c elementor-widget elementor-widget-heading\" data-id=\"ae2cd5c\" data-element_type=\"widget\" data-widget_type=\"heading.default\"><div class=\"elementor-widget-container\"><h2 class=\"elementor-heading-title elementor-size-default\">ETG y la ASI convienen que llevar\u00e1n a cabo las siguientes actividades de cooperaci\u00f3n institucional:<\/h2><\/div><\/div><div class=\"elementor-element elementor-element-b13245f elementor-widget elementor-widget-text-editor\" data-id=\"b13245f\" data-element_type=\"widget\" data-widget_type=\"text-editor.default\"><div class=\"elementor-widget-container\"><div class=\"elementor-text-editor elementor-clearfix\"><ul><li>Implementar a trav\u00e9s de un esfuerzo conjunto, metodolog\u00edas y servicios que permitan una atenci\u00f3n de calidad a la micro, peque\u00f1as y medianas empresas para mejorar su productividad y competitividad.<\/li><li>Promover conjuntamente la metodolog\u00eda \u201cDo &amp; Grow\u201d en el empresariado salvadore\u00f1o, especialmente en las micro, peque\u00f1as y medianas empresas.<\/li><li>Colaborar mutuamente para investigar y desarrollar herramientas tecnol\u00f3gicas que permitan el desarrollo, crecimiento de las ventas y ganancias de las empresas, (ERP-BI).<\/li><li>Intercambio de informaci\u00f3n sobre aspectos de inter\u00e9s com\u00fan.<\/li><li>Gesti\u00f3n de fondos conjuntamente para realizar actividades cuando as\u00ed sea acordado.<\/li><li>Otras actividades que en el desarrollo de la cooperaci\u00f3n mutua puedan acordarse.<\/li><li>A trav\u00e9s de la Fundaci\u00f3n ETG, apoyar al desarrollo de poblaci\u00f3n vulnerable, por medio de programas de educaci\u00f3n virtual en ingl\u00e9s y otros temas de gesti\u00f3n empresarial.<\/li><li>Contribuir a la mejora de competitividad del pa\u00eds a trav\u00e9s de programas de ense\u00f1anza del idioma ingl\u00e9s modalidad virtual.<\/li><\/ul><\/div><\/div><\/div>\t\t\t\t\t\t<\/div>\n\t\t\t\t<\/div>\n\t\t\t\t<div class=\"elementor-element elementor-element-be64011 elementor-widget elementor-widget-image\" data-id=\"be64011\" data-element_type=\"widget\" data-widget_type=\"image.default\">\n\t\t\t\t<div class=\"elementor-widget-container\">\n\t\t\t\t\t\t\t\t\t\t\t\t\t\t\t<img loading=\"lazy\" decoding=\"async\" width=\"300\" height=\"300\" src=\"https:\/\/etgcorporate.com\/wp-content\/uploads\/2022\/08\/Asociacion-Salvadorena-de-Hoteles-300x300-1.png\" class=\"attachment-medium_large size-medium_large\" alt=\"\" srcset=\"https:\/\/etgcorporate.com\/wp-content\/uploads\/2022\/08\/Asociacion-Salvadorena-de-Hoteles-300x300-1.png 300w, https:\/\/etgcorporate.com\/wp-content\/uploads\/2022\/08\/Asociacion-Salvadorena-de-Hoteles-300x300-1-150x150.png 150w\" sizes=\"(max-width: 300px) 100vw, 300px\" \/>\t\t\t\t\t\t\t\t\t\t\t\t\t\t\t<\/div>\n\t\t\t\t<\/div>\n\t\t\t\t<div class=\"elementor-element elementor-element-d074702 elementor-align-center elementor-widget elementor-widget-button\" data-id=\"d074702\" data-element_type=\"widget\" data-widget_type=\"button.default\">\n\t\t\t\t<div class=\"elementor-widget-container\">\n\t\t\t\t\t<div class=\"elementor-button-wrapper\">\n\t\t\t<a href=\"http:\/\/www.hotelesdeelsalvador.com\/\" class=\"elementor-button-link elementor-button elementor-size-sm\" role=\"button\">\n\t\t\t\t\t\t<span class=\"elementor-button-content-wrapper\">\n\t\t\t\t\t\t<span class=\"elementor-button-text\">Visitar pagina web<\/span>\n\t\t<\/span>\n\t\t\t\t\t<\/a>\n\t\t<\/div>\n\t\t\t\t<\/div>\n\t\t\t\t<\/div>\n\t\t\t\t<div class=\"elementor-element elementor-element-d98c1e4 elementor-align-center elementor-widget elementor-widget-button\" data-id=\"d98c1e4\" data-element_type=\"widget\" data-widget_type=\"button.default\">\n\t\t\t\t<div class=\"elementor-widget-container\">\n\t\t\t\t\t<div class=\"elementor-button-wrapper\">\n\t\t\t<a href=\"http:\/\/www.facebook.com\/hoteles.elsalvador\/\" class=\"elementor-button-link elementor-button elementor-size-sm\" role=\"button\">\n\t\t\t\t\t\t<span class=\"elementor-button-content-wrapper\">\n\t\t\t\t\t\t<span class=\"elementor-button-text\">Visitar Facebook<\/span>\n\t\t<\/span>\n\t\t\t\t\t<\/a>\n\t\t<\/div>\n\t\t\t\t<\/div>\n\t\t\t\t<\/div>\n\t\t\t\t<div class=\"elementor-element elementor-element-6dbad28 elementor-widget elementor-widget-text-editor\" data-id=\"6dbad28\" data-element_type=\"widget\" data-widget_type=\"text-editor.default\">\n\t\t\t\t<div class=\"elementor-widget-container\">\n\t\t\t\t\t\t\t<div class=\"elementor-element elementor-element-873efce elementor-widget elementor-widget-heading\" data-id=\"873efce\" data-element_type=\"widget\" data-widget_type=\"heading.default\"><div class=\"elementor-widget-container\"><h2 class=\"elementor-heading-title elementor-size-default\">Actividades a realizar por parte de La Asociaci\u00f3n Salvadore\u00f1a de Hoteles:<\/h2><\/div><\/div><div class=\"elementor-element elementor-element-4c12c02 elementor-widget elementor-widget-text-editor\" data-id=\"4c12c02\" data-element_type=\"widget\" data-widget_type=\"text-editor.default\"><div class=\"elementor-widget-container\"><div class=\"elementor-text-editor elementor-clearfix\"><ul><li>Promover en las empresas miembros de la Asociaci\u00f3n y empresas del sector hotelero, tur\u00edstico y de actividades afines los productos y servicios que ofrece ETG Corporate en el marco de esta carta de entendimiento.<\/li><li>Impulsar el programa de ense\u00f1anza del idioma ingl\u00e9s entre sus afiliados y con aquellas empresas y emprendedores del sector hotelero y tur\u00edstico.<\/li><li>Facilitar el acceso al idioma ingl\u00e9s a personas y empresas vinculadas al \u00e1rea hotelera.<\/li><li>Promover conjuntamente con ETG Corporate, el ERP, BI para facilitar la inteligencia de negocios.<\/li><li>Impulsar el desarrollo de \u201cFront Desk\u201d, acorde a las necesidades particulares del sector hotelero.<\/li><li>Implementar programas de mercadeo digital.<\/li><li>Colaborar en el desarrollo otros productos y servicios acorde a las necesidades espec\u00edficas del sector hotelero y tur\u00edstico de El Salvador.<\/li><li>Colaborar para acercar la oferta y la demanda de servicios de desarrollo empresarial y otros productos que ETG ponga a disposici\u00f3n.<\/li><li>Realizar eventos conjuntos, ya sea de promoci\u00f3n de servicios, ferias, encuentros, etc., sin que esto afecte los presupuestos de las partes.<\/li><li>Gestionar fondos conjuntamente para realizar actividades o proyectos cuando as\u00ed sea acordado.<\/li><li>Otras actividades que en el desarrollo de la cooperaci\u00f3n mutua puedan acordarse.<\/li><\/ul><\/div><\/div><\/div>\t\t\t\t\t\t<\/div>\n\t\t\t\t<\/div>\n\t\t\t\t<div class=\"elementor-element elementor-element-4594563 elementor-widget elementor-widget-image\" data-id=\"4594563\" data-element_type=\"widget\" data-widget_type=\"image.default\">\n\t\t\t\t<div class=\"elementor-widget-container\">\n\t\t\t\t\t\t\t\t\t\t\t\t\t\t\t<img loading=\"lazy\" decoding=\"async\" width=\"300\" height=\"117\" src=\"https:\/\/etgcorporate.com\/wp-content\/uploads\/2022\/08\/fupec.jpg\" class=\"attachment-medium_large size-medium_large\" alt=\"\" \/>\t\t\t\t\t\t\t\t\t\t\t\t\t\t\t<\/div>\n\t\t\t\t<\/div>\n\t\t\t\t<div class=\"elementor-element elementor-element-bb78a36 elementor-align-center elementor-widget elementor-widget-button\" data-id=\"bb78a36\" data-element_type=\"widget\" data-widget_type=\"button.default\">\n\t\t\t\t<div class=\"elementor-widget-container\">\n\t\t\t\t\t<div class=\"elementor-button-wrapper\">\n\t\t\t<a href=\"https:\/\/www.fundacionfupec.com\/\" class=\"elementor-button-link elementor-button elementor-size-sm\" role=\"button\">\n\t\t\t\t\t\t<span class=\"elementor-button-content-wrapper\">\n\t\t\t\t\t\t<span class=\"elementor-button-text\">Visitar pagina web<\/span>\n\t\t<\/span>\n\t\t\t\t\t<\/a>\n\t\t<\/div>\n\t\t\t\t<\/div>\n\t\t\t\t<\/div>\n\t\t\t\t<div class=\"elementor-element elementor-element-509d609 elementor-align-center elementor-widget elementor-widget-button\" data-id=\"509d609\" data-element_type=\"widget\" data-widget_type=\"button.default\">\n\t\t\t\t<div class=\"elementor-widget-container\">\n\t\t\t\t\t<div class=\"elementor-button-wrapper\">\n\t\t\t<a href=\"http:\/\/www.facebook.com\/FundacionFUPEC\" class=\"elementor-button-link elementor-button elementor-size-sm\" role=\"button\">\n\t\t\t\t\t\t<span class=\"elementor-button-content-wrapper\">\n\t\t\t\t\t\t<span class=\"elementor-button-text\">Visitar Facebook<\/span>\n\t\t<\/span>\n\t\t\t\t\t<\/a>\n\t\t<\/div>\n\t\t\t\t<\/div>\n\t\t\t\t<\/div>\n\t\t\t\t<div class=\"elementor-element elementor-element-1b2c46b elementor-widget elementor-widget-text-editor\" data-id=\"1b2c46b\" data-element_type=\"widget\" data-widget_type=\"text-editor.default\">\n\t\t\t\t<div class=\"elementor-widget-container\">\n\t\t\t\t\t\t\t<ul><li>Desarrollar ASOCIOS para la Educaci\u00f3n, Desarrollo Tecnol\u00f3gico y\u00a0 Producci\u00f3n por\u00a0 El Salvador.<\/li><li>Establecer lazos de cooperaci\u00f3n entre los socios a fin de fortalecer las relaciones nacionales e internacionales con el fin de integrarse en los objetivos acordados mediante el plan estrat\u00e9gico del consorcio.<\/li><li>Acercamientos y representaci\u00f3n con\u00a0 las organizaciones hermanas de salvadore\u00f1os en USA y otras l\u00edderes o empresarios a nivel\u00a0 del mundo con inter\u00e9s de participar.<\/li><li>Apoyarnos en mecanismos administrativos, financieros, micro finanzas, ASESORIA\u00a0<strong>TECNICA, FINANCIERA<\/strong>\u00a0y contable en las MIMYPES en \u00e1reas de influencia de los municipios de inter\u00e9s de las organizaciones o familias en USA.<\/li><li>Establecer diplomados educativos en \u00e1reas de inter\u00e9s de los socios, usando tecnolog\u00edas virtuales para la educaci\u00f3n a los pe\u00f1os empresarios que forman parte de la plataforma.<\/li><li>Salvadore\u00f1os en Estados Unidos en adelante denominados SALEX.\u00a0 FUPEC El Salvador y FUPEC USA, gestionan recursos a nivel nacional y\u00a0 EEUU, y el mundo\u00a0 contribuyendo a reducir la brecha de pobreza y condiciones humanas,\u00a0 socioeducativas, culturales y econ\u00f3micas con \u00e9nfasis en la sustentabilidad.<\/li><li>Capacitar y dotar de herramientas b\u00e1sicas, y formaci\u00f3n en crear el v\u00ednculo\u00a0 de la comunidad y establecer un fondo de garant\u00eda de empresarios vinculados a la di\u00e1spora mediante el FIDEICOMISO.<\/li><li>Creaci\u00f3n y fortalecimiento del programa de emprendimiento\u00a0 REMESA PARA LA RECUPERACION Y DESARROLLO\u00a0 PRODUCTIVO\u00a0 en El SALVADOR, denominado \u201cRREDPES\u201d con \u00e9nfasis en la recuperaci\u00f3n del tejido productivo local,\u00a0\u00a0 la recuperaci\u00f3n tanto econ\u00f3mica,\u00a0 saludo,\u00a0 educativa y aportes en \u00e1reas como recursos de naturales\u00a0\u00a0 y manejo responsable de la biodiversidad .<\/li><li>Integraci\u00f3n de FUPEC y SALEX con diferentes municipalidades, sociedad civil, empresas e Instituciones de gobierno central.<\/li><li>Generaci\u00f3n de impactados en proyectos cuyos municipios mantente alta migraci\u00f3n por el desempleo. Peque\u00f1as empresas en crecimiento, mitigando los impactos generados por la reducci\u00f3n de remesa, derivadas de la pandemia las tormentas y por consecuencia incrementar o promover los empleos o autoempleos en sus municipios,\u00a0 con \u00e9nfasis en salud, educaci\u00f3n y econom\u00edas solidarias.<\/li><\/ul>\t\t\t\t\t\t<\/div>\n\t\t\t\t<\/div>\n\t\t\t\t<div class=\"elementor-element elementor-element-79001f2 elementor-widget elementor-widget-image\" data-id=\"79001f2\" data-element_type=\"widget\" data-widget_type=\"image.default\">\n\t\t\t\t<div class=\"elementor-widget-container\">\n\t\t\t\t\t\t\t\t\t\t\t\t\t\t\t<img loading=\"lazy\" decoding=\"async\" width=\"300\" height=\"143\" src=\"https:\/\/etgcorporate.com\/wp-content\/uploads\/2022\/08\/acaf.png\" class=\"attachment-large size-large\" alt=\"\" \/>\t\t\t\t\t\t\t\t\t\t\t\t\t\t\t<\/div>\n\t\t\t\t<\/div>\n\t\t\t\t<div class=\"elementor-element elementor-element-2dc5b79 elementor-align-center elementor-widget elementor-widget-button\" data-id=\"2dc5b79\" data-element_type=\"widget\" data-widget_type=\"button.default\">\n\t\t\t\t<div class=\"elementor-widget-container\">\n\t\t\t\t\t<div class=\"elementor-button-wrapper\">\n\t\t\t<a href=\"https:\/\/www.facebook.com\/acafderl\" class=\"elementor-button-link elementor-button elementor-size-sm\" role=\"button\">\n\t\t\t\t\t\t<span class=\"elementor-button-content-wrapper\">\n\t\t\t\t\t\t<span class=\"elementor-button-text\">Visitar Facebook<\/span>\n\t\t<\/span>\n\t\t\t\t\t<\/a>\n\t\t<\/div>\n\t\t\t\t<\/div>\n\t\t\t\t<\/div>\n\t\t\t\t<div class=\"elementor-element elementor-element-817a992 elementor-widget elementor-widget-text-editor\" data-id=\"817a992\" data-element_type=\"widget\" data-widget_type=\"text-editor.default\">\n\t\t\t\t<div class=\"elementor-widget-container\">\n\t\t\t\t\t\t\t<div dir=\"auto\"><strong>\u00a1\u00a1S\u00e9 parte de ACAF de R.L !!<\/strong><\/div><p><strong>Nuestro equipo est\u00e1 para brindarle el\u00a0<em>mejor<\/em>\u00a0servicio.\u00a0<\/strong><strong>Punto express<\/strong><strong>Env\u00edo y recibo de remesas de Western Union<\/strong><\/p><ul><li dir=\"auto\"><strong>Nuestros diferentes tipos de ahorro:<\/strong><\/li><li dir=\"auto\"><strong>Ahorro a la vista<\/strong><\/li><li dir=\"auto\"><strong>Ahorro navide\u00f1o<\/strong><\/li><li dir=\"auto\"><strong>Ahorro programado a plazo fijo<\/strong><\/li><li dir=\"auto\"><strong>Recibe tasas preferenciales por tu ahorro y seguro de vida.<\/strong><\/li><\/ul>\t\t\t\t\t\t<\/div>\n\t\t\t\t<\/div>\n\t\t\t\t<div class=\"elementor-element elementor-element-4dfbba9 elementor-widget elementor-widget-image\" data-id=\"4dfbba9\" data-element_type=\"widget\" data-widget_type=\"image.default\">\n\t\t\t\t<div class=\"elementor-widget-container\">\n\t\t\t\t\t\t\t\t\t\t\t\t\t\t\t<img loading=\"lazy\" decoding=\"async\" width=\"300\" height=\"106\" src=\"https:\/\/etgcorporate.com\/wp-content\/uploads\/2022\/08\/acesa.jpg\" class=\"attachment-large size-large\" alt=\"\" \/>\t\t\t\t\t\t\t\t\t\t\t\t\t\t\t<\/div>\n\t\t\t\t<\/div>\n\t\t\t\t<div class=\"elementor-element elementor-element-2eab4dd elementor-align-center elementor-widget elementor-widget-button\" data-id=\"2eab4dd\" data-element_type=\"widget\" data-widget_type=\"button.default\">\n\t\t\t\t<div class=\"elementor-widget-container\">\n\t\t\t\t\t<div class=\"elementor-button-wrapper\">\n\t\t\t<a href=\"http:\/\/www.facebook.com\/Asociaci%C3%B3n-de-Chefs-de-El-Salvador-2281756532058886\" class=\"elementor-button-link elementor-button elementor-size-sm\" role=\"button\">\n\t\t\t\t\t\t<span class=\"elementor-button-content-wrapper\">\n\t\t\t\t\t\t<span class=\"elementor-button-text\">Visitar Facebook<\/span>\n\t\t<\/span>\n\t\t\t\t\t<\/a>\n\t\t<\/div>\n\t\t\t\t<\/div>\n\t\t\t\t<\/div>\n\t\t\t\t<div class=\"elementor-element elementor-element-225da71 elementor-widget elementor-widget-text-editor\" data-id=\"225da71\" data-element_type=\"widget\" data-widget_type=\"text-editor.default\">\n\t\t\t\t<div class=\"elementor-widget-container\">\n\t\t\t\t\t\t\t<p>Dentro de los fines y objetivos de ACESA, se encuentran los siguientes:<\/p><ul><li>Fomentar la labor de centros de capacitaci\u00f3n culinaria y academias, respetando su autonom\u00eda y cooperando con ellas en la formaci\u00f3n de profesionales de cocina y bebidas; que estimule el aprendizaje continuo y al empleo de herramientas que faciliten su incorporaci\u00f3n al mercado laboral y tur\u00edstico, as\u00ed como capacitar todo personal relacionado con los alimentos, bebidas y afines a la gastronom\u00eda y hosteler\u00eda.<\/li><li>Unificar el gremio de gastronom\u00eda y exhortar a los profesionales, estudiantes, personal de alimentos y bebidas en general, a promover la gastronom\u00eda de El Salvador, el turismo nacional, su patrimonio cultural, el desarrollo, trabajo y carrera de cada uno de sus miembros y dem\u00e1s profesionales dentro y fuera del pa\u00eds.<\/li><li>Solicitar la participaci\u00f3n y colaboraci\u00f3n voluntaria de personas naturales, instituciones, entidades, empresas p\u00fablicas y privadas, nacionales o extranjeras para que contribuyan espiritual, profesional, f\u00edsica o materialmente a la consecuci\u00f3n de la finalidad de la Asociaci\u00f3n<\/li><\/ul>\t\t\t\t\t\t<\/div>\n\t\t\t\t<\/div>\n\t\t\t\t\t<\/div>\n\t\t<\/div>\n\t\t\t\t\t\t\t<\/div>\n\t\t<\/section>\n\t\t\t\t\t\t\t<\/div>\n\t\t","protected":false},"excerpt":{"rendered":"<p>Visitar la pagina web USAID demuestra la buena voluntad de Estados Unidos en todo el mundo: Aumenta la estabilidad global al abordar las causas profundas de la violencia. Abre nuevos mercados y genera oportunidad para el comercio; crea soluciones innovadoras para desaf\u00edos de desarrollo que antes no ten\u00edan soluci\u00f3n Salva vidas, promueve la democracia, la &hellip;<\/p>\n<p class=\"read-more\"> <a class=\"\" href=\"https:\/\/etgcorporate.com\/index.php\/proceso\/\"> <span class=\"screen-reader-text\">Nuestros Aliados<\/span> Read More &raquo;<\/a><\/p>\n","protected":false},"author":1,"featured_media":0,"parent":0,"menu_order":0,"comment_status":"closed","ping_status":"closed","template":"","meta":{"om_disable_all_campaigns":false,"_monsterinsights_skip_tracking":false,"_monsterinsights_sitenote_active":false,"_monsterinsights_sitenote_note":"","_monsterinsights_sitenote_category":0,"site-sidebar-layout":"no-sidebar","site-content-layout":"page-builder","ast-global-header-display":"","ast-main-header-display":"","ast-hfb-above-header-display":"","ast-hfb-below-header-display":"","ast-hfb-mobile-header-display":"","site-post-title":"disabled","ast-breadcrumbs-content":"","ast-featured-img":"disabled","footer-sml-layout":"","theme-transparent-header-meta":"default","adv-header-id-meta":"","stick-header-meta":"","header-above-stick-meta":"","header-main-stick-meta":"","header-below-stick-meta":"","footnotes":""},"aioseo_notices":[],"_links":{"self":[{"href":"https:\/\/etgcorporate.com\/index.php\/wp-json\/wp\/v2\/pages\/91"}],"collection":[{"href":"https:\/\/etgcorporate.com\/index.php\/wp-json\/wp\/v2\/pages"}],"about":[{"href":"https:\/\/etgcorporate.com\/index.php\/wp-json\/wp\/v2\/types\/page"}],"author":[{"embeddable":true,"href":"https:\/\/etgcorporate.com\/index.php\/wp-json\/wp\/v2\/users\/1"}],"replies":[{"embeddable":true,"href":"https:\/\/etgcorporate.com\/index.php\/wp-json\/wp\/v2\/comments?post=91"}],"version-history":[{"count":3,"href":"https:\/\/etgcorporate.com\/index.php\/wp-json\/wp\/v2\/pages\/91\/revisions"}],"predecessor-version":[{"id":1397,"href":"https:\/\/etgcorporate.com\/index.php\/wp-json\/wp\/v2\/pages\/91\/revisions\/1397"}],"wp:attachment":[{"href":"https:\/\/etgcorporate.com\/index.php\/wp-json\/wp\/v2\/media?parent=91"}],"curies":[{"name":"wp","href":"https:\/\/api.w.org\/{rel}","templated":true}]}}