{"id":1667,"date":"2024-04-03T04:52:37","date_gmt":"2024-04-03T04:52:37","guid":{"rendered":"https:\/\/etgcorporate.com\/?page_id=1667"},"modified":"2024-04-22T04:41:26","modified_gmt":"2024-04-22T04:41:26","slug":"legal","status":"publish","type":"page","link":"https:\/\/etgcorporate.com\/index.php\/legal\/","title":{"rendered":"Legal"},"content":{"rendered":"\t\t<div data-elementor-type=\"wp-page\" data-elementor-id=\"1667\" class=\"elementor elementor-1667\">\n\t\t\t\t\t\t\t\t\t<section class=\"elementor-section elementor-top-section elementor-element elementor-element-7b9c502 elementor-section-boxed elementor-section-height-default elementor-section-height-default\" data-id=\"7b9c502\" data-element_type=\"section\">\n\t\t\t\t\t\t<div class=\"elementor-container elementor-column-gap-default\">\n\t\t\t\t\t<div class=\"elementor-column elementor-col-100 elementor-top-column elementor-element elementor-element-af19e7f\" data-id=\"af19e7f\" data-element_type=\"column\">\n\t\t\t<div class=\"elementor-widget-wrap elementor-element-populated\">\n\t\t\t\t\t\t\t\t<div class=\"elementor-element elementor-element-283d78b elementor-widget elementor-widget-image\" data-id=\"283d78b\" data-element_type=\"widget\" data-widget_type=\"image.default\">\n\t\t\t\t<div class=\"elementor-widget-container\">\n\t\t\t<style>\/*! elementor - v3.7.1 - 14-08-2022 *\/\n.elementor-widget-image{text-align:center}.elementor-widget-image a{display:inline-block}.elementor-widget-image a img[src$=\".svg\"]{width:48px}.elementor-widget-image img{vertical-align:middle;display:inline-block}<\/style>\t\t\t\t\t\t\t\t\t\t\t\t<img loading=\"lazy\" decoding=\"async\" width=\"377\" height=\"156\" src=\"https:\/\/etgcorporate.com\/wp-content\/uploads\/2024\/04\/Logo_Legal_consultants-removebg-preview.png\" class=\"attachment-1536x1536 size-1536x1536\" alt=\"\" srcset=\"https:\/\/etgcorporate.com\/wp-content\/uploads\/2024\/04\/Logo_Legal_consultants-removebg-preview.png 377w, https:\/\/etgcorporate.com\/wp-content\/uploads\/2024\/04\/Logo_Legal_consultants-removebg-preview-300x124.png 300w\" sizes=\"(max-width: 377px) 100vw, 377px\" \/>\t\t\t\t\t\t\t\t\t\t\t\t\t\t\t<\/div>\n\t\t\t\t<\/div>\n\t\t\t\t<div class=\"elementor-element elementor-element-d5f1336 elementor-widget elementor-widget-heading\" data-id=\"d5f1336\" data-element_type=\"widget\" data-widget_type=\"heading.default\">\n\t\t\t\t<div class=\"elementor-widget-container\">\n\t\t\t<style>\/*! elementor - v3.7.1 - 14-08-2022 *\/\n.elementor-heading-title{padding:0;margin:0;line-height:1}.elementor-widget-heading .elementor-heading-title[class*=elementor-size-]>a{color:inherit;font-size:inherit;line-height:inherit}.elementor-widget-heading .elementor-heading-title.elementor-size-small{font-size:15px}.elementor-widget-heading .elementor-heading-title.elementor-size-medium{font-size:19px}.elementor-widget-heading .elementor-heading-title.elementor-size-large{font-size:29px}.elementor-widget-heading .elementor-heading-title.elementor-size-xl{font-size:39px}.elementor-widget-heading .elementor-heading-title.elementor-size-xxl{font-size:59px}<\/style><h2 class=\"elementor-heading-title elementor-size-default\">Virtual Law Office Solutions<\/h2>\t\t<\/div>\n\t\t\t\t<\/div>\n\t\t\t\t<div class=\"elementor-element elementor-element-fee11ad elementor-widget elementor-widget-text-editor\" data-id=\"fee11ad\" data-element_type=\"widget\" data-widget_type=\"text-editor.default\">\n\t\t\t\t<div class=\"elementor-widget-container\">\n\t\t\t<style>\/*! elementor - v3.7.1 - 14-08-2022 *\/\n.elementor-widget-text-editor.elementor-drop-cap-view-stacked .elementor-drop-cap{background-color:#818a91;color:#fff}.elementor-widget-text-editor.elementor-drop-cap-view-framed .elementor-drop-cap{color:#818a91;border:3px solid;background-color:transparent}.elementor-widget-text-editor:not(.elementor-drop-cap-view-default) .elementor-drop-cap{margin-top:8px}.elementor-widget-text-editor:not(.elementor-drop-cap-view-default) .elementor-drop-cap-letter{width:1em;height:1em}.elementor-widget-text-editor .elementor-drop-cap{float:left;text-align:center;line-height:1;font-size:50px}.elementor-widget-text-editor .elementor-drop-cap-letter{display:inline-block}<\/style>\t\t\t\t<h5>La filosof\u00eda de la firma es producir resultados excelentes y procurar la soluci\u00f3n m\u00e1s efectiva a las necesidades de sus clientes. Para esos fines, aplicamos estrategias pr\u00e1cticas e innovadoras para cada caso, por lo cual siempre ha constituido un modelo a seguir en la pr\u00e1ctica del derecho en el pa\u00eds.<\/h5><h5><strong>MISI\u00d3N<\/strong><\/h5><h5>Somos\u00a0 una instituci\u00f3n especializada en las \u00e1reas claves del asesoramiento legal a empresas, cuyo objetivo insignia es la aplicaci\u00f3n del Derecho y que busca lo mejor no solo en la calidad t\u00e9cnica del trabajo de sus clientes, sino tambi\u00e9n en el trato al mismo.<\/h5><h5><strong>VISI\u00d3N<\/strong><\/h5><h5>Somos una instituci\u00f3n que aspira a la excelencia en la prestaci\u00f3n de servicios transversales gracias a un asesoramiento legal de alta calidad. Estamos convencidos de que \u00a0solo podemos lograrlo convirti\u00e9ndonos en socios estrat\u00e9gicos de nuestros clientes y apostando por la innovaci\u00f3n como objetivo para dar respuesta a los retos del presente con la vista puesta en el futuro.<\/h5><h5><strong>VALORES<\/strong><\/h5><h5>Los valores irrenunciables de nuestra instituci\u00f3n \u00a0y que rigen la conducta de nuestros profesionales son<\/h5><ul><li><h5>Orientaci\u00f3n al cliente<\/h5><\/li><li><h5>Excelencia<\/h5><\/li><li><h5>Innovaci\u00f3n y creatividad<\/h5><\/li><li><h5>Anticipaci\u00f3n<\/h5><\/li><li><h5>Honestidad<\/h5><\/li><li><h5>Pragmatismo<\/h5><\/li><li><h5>Integridad<\/h5><\/li><\/ul><h4>Nuestros Servicios:<\/h4><h5><strong><span style=\"text-decoration: underline;\">Due diligence<\/span><\/strong><\/h5><h5>Es una auditor\u00eda externa que ofrece un amplio panorama del estado en el que se encuentra una empresa o negocio. Estas operaciones se realizan cuando va a llevar a cabo una inversi\u00f3n en una compa\u00f1\u00eda, ya sea grande o peque\u00f1a, una fusi\u00f3n o una adquisici\u00f3n con el fin de analizar su situaci\u00f3n completa: estado financiero, legal, fiscal, tecnol\u00f3gico, o laboral, entre otros muchos \u00e1mbitos.<\/h5><h5><b><u>Derecho Bancario<\/u><\/b><\/h5><h5>Asesoramos en materia de regulaci\u00f3n bancaria y financiera, la estructuraci\u00f3n de nuevos servicios y productos financieros, las fusiones y adquisiciones con participaci\u00f3n bancaria y de otras instituciones financieras.<\/h5><h5>Igualmente se destaca en la asesor\u00eda y preparaci\u00f3n de contratos bancarios, incluyendo desde simples pr\u00e9stamos hasta operaciones m\u00e1s complejas de financiamiento, tales como arrendamientos financieros, financiamiento de proyectos y el otorgamiento de garant\u00edas de todo tipo.<\/h5><h5><u><b>Derecho Comercial y Corporativo<\/b><\/u><\/h5><h5>Contamos con un personal capacitado para prestar asesor\u00eda a nuestros clientes en todos los tipos de contratos comerciales necesarios para llevar a cabo sus operaciones. Entre estos se pueden citar contratos de compraventa, de distribuci\u00f3n, de franquicia, de arrendamiento de locales comerciales, de suministro, de empresas a riesgo compartido (Joint Ventures), acuerdos de prestaci\u00f3n de servicios y de tercerizaci\u00f3n o subcontrataci\u00f3n (Outsourcing), entre otros.<\/h5><h5>Por otra parte, ofrece asesor\u00eda legal en una amplia gama de asuntos corporativos, tales como incorporaci\u00f3n de sociedades, redacci\u00f3n y modificaci\u00f3n de pactos sociales y estatutos, aumentos de capital, asambleas constitutivas, reuniones del consejo de administraci\u00f3n, incluyendo asistencia a reuniones, redacci\u00f3n de actas y gestiones posteriores, disoluci\u00f3n y liquidaci\u00f3n de compa\u00f1\u00edas, finanzas corporativas, fusiones y adquisiciones, as\u00ed como asuntos complejos que pueden surgir durante la vida de una sociedad, tales como actuaciones de accionistas, ejecuci\u00f3n de acuerdos entre accionistas y otros.<\/h5><h5><u><b>Derecho Laboral y de Seguridad Social<\/b><\/u><\/h5><h5>Asistimos a nuestros \u00a0clientes en todos los \u00e1mbitos relativos al Derecho Laboral, represent\u00e1ndolos en las controversias que puedan surgir tanto en la esfera administrativa o judicial con respecto a negociaciones de contratos de trabajo, discriminaci\u00f3n en el empleo, acuerdos de no competencia y de confidencialidad, seguridad y salud ocupacional, inspecciones, lesiones y asuntos de salud, pol\u00edticas de personal, manuales y contratos de trabajo, reglamento interno de trabajo, asuntos relacionados a horas extraordinarias, vacaciones, asuetos, problemas laborales relativos a ventas, adquisiciones, sustituciones y fusiones, reducciones en la fuerza laboral, terminaciones conflictivas o no de Contratos Individuales de Trabajo y prestaciones laborales en general.<\/h5><h5>De igual manera, incluyen la negociaci\u00f3n y redacci\u00f3n de contratos individuales o colectivos de trabajo, colaborando activamente en el dise\u00f1o e implementaci\u00f3n de pol\u00edticas de remuneraci\u00f3n, beneficios y condiciones de trabajo. As\u00ed mismo, proveemos asistencia en la prevenci\u00f3n y resoluci\u00f3n de conflictos sindicales, huelgas y paros colectivos ante los \u00f3rganos administrativos y judiciales del trabajo, teniendo como meta principal el uso de nuestros conocimientos legales y \u00a0experiencia para ayudar a empresas y gerentes a prever y prevenir problemas laborales a trav\u00e9s de la educaci\u00f3n, el entrenamiento y la asesor\u00eda.<\/h5><h5><u><b>Fusiones y Adquisiciones<\/b><\/u><\/h5><h5>En el ejercicio en materia de fusiones y adquisiciones contamos con un equipo de profesionales cuya prioridad es la de servir a nuestros clientes.<\/h5><h5>Nuestro trabajo en esta \u00e1rea incluye:<\/h5><ul><li><h5>Negociaci\u00f3n de acuerdos de fusi\u00f3n, memorandos de entendimiento, cartas de intenci\u00f3n, acuerdos de confidencialidad y cualquier otro documento necesario para garantizar acuerdos futuros.<\/h5><\/li><li><h5>An\u00e1lisis de mecanismos y alternativas de inversi\u00f3n y mecanismos potenciales de adquisici\u00f3n, de manera articulada con los grupos corporativos y tributarios, con el fin de ofrecer una soluci\u00f3n integral a sus clientes.<\/h5><\/li><li><h5>Recopilaci\u00f3n y revisi\u00f3n detallada de la informaci\u00f3n pertinente (due diligence) para identificar cualquier posible contingencia existente en las entidades objetivas.<\/h5><\/li><\/ul><h5>\u00a0Negociaci\u00f3n de los contratos de transacci\u00f3n, acuerdos de compra, de capitalizaci\u00f3n, contratos de garant\u00eda, acuerdos depositarios (escrow agreements), acuerdos de transferencia de tecnolog\u00eda, entre otros.<\/h5><h5><span style=\"color: var(--ast-global-color-2); font-size: 1.2rem; font-style: inherit; background-color: var(--ast-global-color-4);\"><u><b>Impuestos<\/b><\/u><\/span><\/h5><h5>Prestamos asesor\u00eda legal en derecho tributario, incluyendo la asesor\u00eda fiscal continuada y la planificaci\u00f3n fiscal para empresas e individuos. Tambi\u00e9n representa activamente a sus clientes en litigios de \u00edndole fiscal.<\/h5><h5><span style=\"text-decoration: underline;\"><strong>Inversi\u00f3n Extranjera<\/strong><\/span><\/h5><h5>Representamos todo lo relativo a inversiones en el Pa\u00eds, incluyendo la selecci\u00f3n del veh\u00edculo corporativo m\u00e1s conveniente seg\u00fan \u00e9l caso; gesti\u00f3n de permisos, franquicias, establecimiento de sucursales y subsidiarias, pr\u00e9stamos locales o internacionales, adquisici\u00f3n de propiedades, obtenci\u00f3n y renovaci\u00f3n de permisos de residencias, naturalizaciones, permisos y visas de trabajo, registro de la inversi\u00f3n extranjera y repatriaci\u00f3n de capital.<\/h5><h5><span style=\"text-decoration: underline;\"><strong>Litigios<\/strong><\/span><\/h5><h5>Por su naturaleza misma, siempre estamos dispuestos a aceptar los retos y responsabilidades inherentes en litigios complejos, manejamos todo tipo de litigios en los tribunales y por ante las autoridades administrativas Salvadore\u00f1as, representando a los clientes principalmente en ejecuciones y embargos, litigios civiles, comerciales, laborales, de bienes ra\u00edces, penales, de seguros, administrativos y de tr\u00e1nsito.<br \/>Poseemos la experiencia suficiente para conducir los casos con perseverancia, incorporando a su ejercicio profesional los m\u00e1s avanzados recursos tecnol\u00f3gicos e informativos, si resulta necesario.<br \/>Por otra parte, participamos y prestamos asesor\u00eda en procedimiento de resoluci\u00f3n alternativa de conflictos, incluyendo de manera particular procedimientos de arbitraje ante la C\u00e1mara de Comercio correspondiente.<\/h5><h5><strong><span style=\"text-decoration: underline;\">Propiedad Intelectual\u00a0<\/span><\/strong><\/h5><h5>Nuestros servicios en este campo incluyen:<br \/>\u2022 Registro de marcas, secretos industriales y nombres de Dominio.<br \/>\u2022 Contratos de transferencia de tecnolog\u00eda.<br \/>\u2022 Asesor\u00eda en procesos de competencia desleal.<br \/>\u2022 Representaci\u00f3n en litigios sobre violaciones de derechos intelectuales y de marcas, entre otros.<br \/>\u2022 Tr\u00e1mites para la obtenci\u00f3n de patentes, derechos reservados, acuerdos de licencias, estructuras de pagos por derechos de autor (royalties) y otras disposiciones.<\/h5><h5><strong><span style=\"text-decoration: underline;\">Turismo<\/span><\/strong><\/h5><h5>Asesoramos a hoteles e inversionistas con respecto a proyectos hoteleros, compa\u00f1\u00edas a\u00e9reas, operadores tur\u00edsticos e instituciones financieras, en asuntos como la adquisici\u00f3n de propiedades, obtenci\u00f3n de permisos, implementaci\u00f3n de proyectos de tiempo compartido, registro de inversiones y el establecimiento y mantenimiento de sus operaciones de conformidad con las leyes de El Salvador.<\/h5><h5><strong><span style=\"text-decoration: underline;\">Zona Franca<\/span><\/strong><\/h5><h5>Trabajamos en el \u00e1mbito legal relacionado con la operaci\u00f3n, organizaci\u00f3n y determinaci\u00f3n de los derechos de las compa\u00f1\u00edas de zona franca. Prestamos asesor\u00eda legal y realizamos todas las diligencias legales y administrativas en lo que concierne al establecimiento de parques y empresas industriales, zonas francas de exportaci\u00f3n y zonas francas comerciales especiales.<\/h5><h5><span style=\"text-decoration: underline;\"><strong>Bienes Inmuebles<\/strong><\/span><\/h5><h5>Brindamos asesor\u00eda en la estructuraci\u00f3n, negociaci\u00f3n e implementaci\u00f3n de una variada gama de operaciones relacionadas con bienes inmuebles, compradores, vendedores y administradores de inmuebles comerciales y residenciales, al igual que en materia de condominios, urbanizaciones y zonificaci\u00f3n.<\/h5><h5><span style=\"text-decoration: underline;\"><strong>Empresas Familiares<\/strong><\/span><\/h5><h5>Asesoramos a empresas familiares para que logren que su patrimonio perdure y tenga continuidad. Dentro de esto se encuentra:<br \/>\u2022 Protocolo familiar<br \/>\u2022 Plan de sucesi\u00f3n<br \/>\u2022 Asesor\u00eda financiera.<br \/>\u2022 Gobierno corporativo<br \/>\u2022 Visi\u00f3n a largo plazo<\/h5>\t\t\t\t\t\t<\/div>\n\t\t\t\t<\/div>\n\t\t\t\t\t<\/div>\n\t\t<\/div>\n\t\t\t\t\t\t\t<\/div>\n\t\t<\/section>\n\t\t\t\t\t\t\t<\/div>\n\t\t","protected":false},"excerpt":{"rendered":"<p>Virtual Law Office Solutions La filosof\u00eda de la firma es producir resultados excelentes y procurar la soluci\u00f3n m\u00e1s efectiva a las necesidades de sus clientes. Para esos fines, aplicamos estrategias pr\u00e1cticas e innovadoras para cada caso, por lo cual siempre ha constituido un modelo a seguir en la pr\u00e1ctica del derecho en el pa\u00eds. MISI\u00d3N &hellip;<\/p>\n<p class=\"read-more\"> <a class=\"\" href=\"https:\/\/etgcorporate.com\/index.php\/legal\/\"> <span class=\"screen-reader-text\">Legal<\/span> Read More &raquo;<\/a><\/p>\n","protected":false},"author":1,"featured_media":0,"parent":0,"menu_order":0,"comment_status":"closed","ping_status":"closed","template":"","meta":{"om_disable_all_campaigns":false,"_monsterinsights_skip_tracking":false,"_monsterinsights_sitenote_active":false,"_monsterinsights_sitenote_note":"","_monsterinsights_sitenote_category":0,"site-sidebar-layout":"no-sidebar","site-content-layout":"page-builder","ast-global-header-display":"","ast-main-header-display":"","ast-hfb-above-header-display":"","ast-hfb-below-header-display":"","ast-hfb-mobile-header-display":"","site-post-title":"disabled","ast-breadcrumbs-content":"","ast-featured-img":"disabled","footer-sml-layout":"","theme-transparent-header-meta":"","adv-header-id-meta":"","stick-header-meta":"","header-above-stick-meta":"","header-main-stick-meta":"","header-below-stick-meta":"","footnotes":""},"aioseo_notices":[],"_links":{"self":[{"href":"https:\/\/etgcorporate.com\/index.php\/wp-json\/wp\/v2\/pages\/1667"}],"collection":[{"href":"https:\/\/etgcorporate.com\/index.php\/wp-json\/wp\/v2\/pages"}],"about":[{"href":"https:\/\/etgcorporate.com\/index.php\/wp-json\/wp\/v2\/types\/page"}],"author":[{"embeddable":true,"href":"https:\/\/etgcorporate.com\/index.php\/wp-json\/wp\/v2\/users\/1"}],"replies":[{"embeddable":true,"href":"https:\/\/etgcorporate.com\/index.php\/wp-json\/wp\/v2\/comments?post=1667"}],"version-history":[{"count":112,"href":"https:\/\/etgcorporate.com\/index.php\/wp-json\/wp\/v2\/pages\/1667\/revisions"}],"predecessor-version":[{"id":1792,"href":"https:\/\/etgcorporate.com\/index.php\/wp-json\/wp\/v2\/pages\/1667\/revisions\/1792"}],"wp:attachment":[{"href":"https:\/\/etgcorporate.com\/index.php\/wp-json\/wp\/v2\/media?parent=1667"}],"curies":[{"name":"wp","href":"https:\/\/api.w.org\/{rel}","templated":true}]}}