{"id":1312,"date":"2022-08-17T00:51:36","date_gmt":"2022-08-17T00:51:36","guid":{"rendered":"https:\/\/etgcorporate.com\/?page_id=1312"},"modified":"2022-08-22T02:18:40","modified_gmt":"2022-08-22T02:18:40","slug":"elementor-1312","status":"publish","type":"page","link":"https:\/\/etgcorporate.com\/index.php\/elementor-1312\/","title":{"rendered":"Contabilidad y Auditor\u00eda"},"content":{"rendered":"\t\t<div data-elementor-type=\"wp-page\" data-elementor-id=\"1312\" class=\"elementor elementor-1312\">\n\t\t\t\t\t\t\t\t\t<section class=\"elementor-section elementor-top-section elementor-element elementor-element-aa401dc elementor-section-boxed elementor-section-height-default elementor-section-height-default\" data-id=\"aa401dc\" data-element_type=\"section\">\n\t\t\t\t\t\t<div class=\"elementor-container elementor-column-gap-default\">\n\t\t\t\t\t<div class=\"elementor-column elementor-col-100 elementor-top-column elementor-element elementor-element-1faffc0\" data-id=\"1faffc0\" data-element_type=\"column\">\n\t\t\t<div class=\"elementor-widget-wrap elementor-element-populated\">\n\t\t\t\t\t\t\t\t<div class=\"elementor-element elementor-element-9ff3485 elementor-widget elementor-widget-image\" data-id=\"9ff3485\" data-element_type=\"widget\" data-widget_type=\"image.default\">\n\t\t\t\t<div class=\"elementor-widget-container\">\n\t\t\t<style>\/*! elementor - v3.7.1 - 14-08-2022 *\/\n.elementor-widget-image{text-align:center}.elementor-widget-image a{display:inline-block}.elementor-widget-image a img[src$=\".svg\"]{width:48px}.elementor-widget-image img{vertical-align:middle;display:inline-block}<\/style>\t\t\t\t\t\t\t\t\t\t\t\t<img loading=\"lazy\" decoding=\"async\" width=\"300\" height=\"286\" src=\"https:\/\/etgcorporate.com\/wp-content\/uploads\/2022\/08\/Audit-ETG-300x286.jpg\" class=\"attachment-medium size-medium\" alt=\"\" srcset=\"https:\/\/etgcorporate.com\/wp-content\/uploads\/2022\/08\/Audit-ETG-300x286.jpg 300w, https:\/\/etgcorporate.com\/wp-content\/uploads\/2022\/08\/Audit-ETG.jpg 360w\" sizes=\"(max-width: 300px) 100vw, 300px\" \/>\t\t\t\t\t\t\t\t\t\t\t\t\t\t\t<\/div>\n\t\t\t\t<\/div>\n\t\t\t\t<div class=\"elementor-element elementor-element-6bc7f07 elementor-widget elementor-widget-text-editor\" data-id=\"6bc7f07\" data-element_type=\"widget\" data-widget_type=\"text-editor.default\">\n\t\t\t\t<div class=\"elementor-widget-container\">\n\t\t\t<style>\/*! elementor - v3.7.1 - 14-08-2022 *\/\n.elementor-widget-text-editor.elementor-drop-cap-view-stacked .elementor-drop-cap{background-color:#818a91;color:#fff}.elementor-widget-text-editor.elementor-drop-cap-view-framed .elementor-drop-cap{color:#818a91;border:3px solid;background-color:transparent}.elementor-widget-text-editor:not(.elementor-drop-cap-view-default) .elementor-drop-cap{margin-top:8px}.elementor-widget-text-editor:not(.elementor-drop-cap-view-default) .elementor-drop-cap-letter{width:1em;height:1em}.elementor-widget-text-editor .elementor-drop-cap{float:left;text-align:center;line-height:1;font-size:50px}.elementor-widget-text-editor .elementor-drop-cap-letter{display:inline-block}<\/style>\t\t\t\t<p><strong>Soluciones Integrales<\/strong><\/p><p><strong>\u00bfPor qu\u00e9 permitirnos \u00a0manejar sus temas contables, financieros y de auditor\u00eda?<\/strong><\/p><ul><li>Brindamos acompa\u00f1amiento y asesor\u00eda ante autoridades por conflictos fiscales y financieros.<\/li><li>Reducimos costos para la administraci\u00f3n de pagos conforme a las disposiciones fiscales vigentes.<\/li><li>Proporcionamos informaci\u00f3n financiera para la toma de decisiones.<\/li><li>Vigilamos que el proceso contable se ejecute dentro del marco de las normas de informaci\u00f3n financiera.<\/li><li>En todos los casos, tratamos la informaci\u00f3n de nuestros clientes con absoluta confidencialidad, siguiendo estrictas pol\u00edticas de resguardo.<\/li><\/ul><p>Con todo lo anterior nos cercioramos que los controles contables y fiscales est\u00e9n en orden para prevenir cualquier contingencia por parte de las autoridades correspondientes.<\/p>\t\t\t\t\t\t<\/div>\n\t\t\t\t<\/div>\n\t\t\t\t<div class=\"elementor-element elementor-element-5820ab1 elementor-widget elementor-widget-image\" data-id=\"5820ab1\" data-element_type=\"widget\" data-widget_type=\"image.default\">\n\t\t\t\t<div class=\"elementor-widget-container\">\n\t\t\t\t\t\t\t\t\t\t\t\t\t\t\t<img loading=\"lazy\" decoding=\"async\" width=\"300\" height=\"164\" src=\"https:\/\/etgcorporate.com\/wp-content\/uploads\/2022\/08\/conta-300x164.jpg\" class=\"attachment-medium size-medium\" alt=\"\" srcset=\"https:\/\/etgcorporate.com\/wp-content\/uploads\/2022\/08\/conta-300x164.jpg 300w, https:\/\/etgcorporate.com\/wp-content\/uploads\/2022\/08\/conta.jpg 506w\" sizes=\"(max-width: 300px) 100vw, 300px\" \/>\t\t\t\t\t\t\t\t\t\t\t\t\t\t\t<\/div>\n\t\t\t\t<\/div>\n\t\t\t\t<div class=\"elementor-element elementor-element-429fadb elementor-widget elementor-widget-text-editor\" data-id=\"429fadb\" data-element_type=\"widget\" data-widget_type=\"text-editor.default\">\n\t\t\t\t<div class=\"elementor-widget-container\">\n\t\t\t\t\t\t\t<p>Nuestros servicios en las \u00e1reas de contabilidad, finanzas y auditor\u00eda tienen como objetivo ofrecerle informaci\u00f3n veraz, oportuna, transparente y confiable sobre su situaci\u00f3n financiera y fiscal.<\/p><p>Brindamos respaldo jur\u00eddico a sus obligaciones fiscales y financieras, gener\u00e1ndole un considerable ahorro econ\u00f3mico mediante estrategias que logran eficiencia en sus recursos y bajar sus costos al m\u00e1ximo, permiti\u00e9ndole ser una empresa m\u00e1s competitiva dentro del mercado.<\/p>\t\t\t\t\t\t<\/div>\n\t\t\t\t<\/div>\n\t\t\t\t<div class=\"elementor-element elementor-element-cc06610 elementor-widget elementor-widget-image\" data-id=\"cc06610\" data-element_type=\"widget\" data-widget_type=\"image.default\">\n\t\t\t\t<div class=\"elementor-widget-container\">\n\t\t\t\t\t\t\t\t\t\t\t\t\t\t\t<img loading=\"lazy\" decoding=\"async\" width=\"300\" height=\"186\" src=\"https:\/\/etgcorporate.com\/wp-content\/uploads\/2022\/08\/aseso-300x186.jpg\" class=\"attachment-medium size-medium\" alt=\"\" srcset=\"https:\/\/etgcorporate.com\/wp-content\/uploads\/2022\/08\/aseso-300x186.jpg 300w, https:\/\/etgcorporate.com\/wp-content\/uploads\/2022\/08\/aseso.jpg 445w\" sizes=\"(max-width: 300px) 100vw, 300px\" \/>\t\t\t\t\t\t\t\t\t\t\t\t\t\t\t<\/div>\n\t\t\t\t<\/div>\n\t\t\t\t<div class=\"elementor-element elementor-element-86ece52 elementor-widget elementor-widget-text-editor\" data-id=\"86ece52\" data-element_type=\"widget\" data-widget_type=\"text-editor.default\">\n\t\t\t\t<div class=\"elementor-widget-container\">\n\t\t\t\t\t\t\t<p>Verificamos el correcto cumplimiento de las obligaciones en materia tributaria de los contribuyentes, ofreciendo asesor\u00eda fiscal integral, estrat\u00e9gica y continua con base en las necesidades de su empresa.<\/p><p>Ofrecemos soporte para adoptar medidas que lleven a cumplir con estricto apego a la legislaci\u00f3n y normatividad vigentes al menor costo posible. Nuestro servicio de planeaci\u00f3n fiscal no es correctivo al pasado, sino preventivo para el futuro, evitando omisiones y sanciones por parte de las autoridades correspondientes. Verificamos los ingresos acumulables, deducciones fiscales, retiros de remanentes o utilidades a socios e implementamos una estructura corporativa fiscal acorde a las operaciones y objetivo social de su empresa.<\/p>\t\t\t\t\t\t<\/div>\n\t\t\t\t<\/div>\n\t\t\t\t<div class=\"elementor-element elementor-element-7fb8b72 elementor-widget elementor-widget-image\" data-id=\"7fb8b72\" data-element_type=\"widget\" data-widget_type=\"image.default\">\n\t\t\t\t<div class=\"elementor-widget-container\">\n\t\t\t\t\t\t\t\t\t\t\t\t\t\t\t<img loading=\"lazy\" decoding=\"async\" width=\"300\" height=\"151\" src=\"https:\/\/etgcorporate.com\/wp-content\/uploads\/2022\/08\/audi-300x151.jpg\" class=\"attachment-medium size-medium\" alt=\"\" srcset=\"https:\/\/etgcorporate.com\/wp-content\/uploads\/2022\/08\/audi-300x151.jpg 300w, https:\/\/etgcorporate.com\/wp-content\/uploads\/2022\/08\/audi.jpg 496w\" sizes=\"(max-width: 300px) 100vw, 300px\" \/>\t\t\t\t\t\t\t\t\t\t\t\t\t\t\t<\/div>\n\t\t\t\t<\/div>\n\t\t\t\t<div class=\"elementor-element elementor-element-81880a9 elementor-widget elementor-widget-text-editor\" data-id=\"81880a9\" data-element_type=\"widget\" data-widget_type=\"text-editor.default\">\n\t\t\t\t<div class=\"elementor-widget-container\">\n\t\t\t\t\t\t\t<p>Contamos con personal capacitado para realizar auditor\u00edas con el objetivo de generar transparencia operativa en t\u00e9rminos fiscales y financieros. Analizamos y evaluamos el control interno, realizando revisiones peri\u00f3dicas con pruebas de cumplimiento de las pol\u00edticas, procesos y procedimientos establecidos por el contribuyente, brindando seguridad y tranquilidad a su empresa.<\/p><p>Riesgo (preventivas-correctivas)<\/p><p><strong>Financieras\u00a0\u00a0\u00a0\u00a0\u00a0\u00a0\u00a0\u00a0\u00a0\u00a0\u00a0\u00a0\u00a0\u00a0\u00a0\u00a0\u00a0\u00a0\u00a0\u00a0\u00a0\u00a0\u00a0\u00a0\u00a0\u00a0\u00a0\u00a0\u00a0\u00a0\u00a0\u00a0\u00a0\u00a0\u00a0\u00a0\u00a0\u00a0 Forenses\u00a0\u00a0\u00a0\u00a0\u00a0\u00a0\u00a0\u00a0\u00a0\u00a0\u00a0\u00a0\u00a0\u00a0\u00a0\u00a0\u00a0\u00a0\u00a0\u00a0\u00a0\u00a0\u00a0\u00a0\u00a0\u00a0\u00a0\u00a0\u00a0\u00a0\u00a0\u00a0\u00a0 \u00a0\u00a0\u00a0\u00a0\u00a0\u00a0\u00a0\u00a0\u00a0\u00a0\u00a0\u00a0\u00a0\u00a0Control interno\u00a0\u00a0<\/strong><\/p><p><strong>Fiscales\u00a0\u00a0\u00a0\u00a0\u00a0\u00a0\u00a0\u00a0\u00a0\u00a0\u00a0\u00a0\u00a0\u00a0\u00a0\u00a0\u00a0\u00a0\u00a0\u00a0\u00a0\u00a0\u00a0\u00a0\u00a0\u00a0\u00a0\u00a0\u00a0\u00a0\u00a0\u00a0\u00a0\u00a0\u00a0\u00a0\u00a0\u00a0\u00a0\u00a0\u00a0\u00a0\u00a0 Presupuestaria\u00a0\u00a0\u00a0\u00a0\u00a0\u00a0\u00a0\u00a0\u00a0\u00a0\u00a0\u00a0\u00a0\u00a0\u00a0\u00a0\u00a0\u00a0\u00a0\u00a0\u00a0\u00a0\u00a0\u00a0\u00a0\u00a0\u00a0\u00a0\u00a0\u00a0\u00a0\u00a0\u00a0\u00a0\u00a0\u00a0\u00a0\u00a0 De gesti\u00f3n<\/strong><\/p><p><strong>Administrativas\u00a0\u00a0\u00a0\u00a0\u00a0\u00a0\u00a0\u00a0\u00a0\u00a0\u00a0\u00a0\u00a0\u00a0\u00a0\u00a0\u00a0\u00a0\u00a0\u00a0\u00a0\u00a0\u00a0\u00a0\u00a0\u00a0\u00a0\u00a0\u00a0 Operativas\u00a0\u00a0\u00a0\u00a0\u00a0\u00a0\u00a0\u00a0\u00a0\u00a0\u00a0\u00a0\u00a0\u00a0\u00a0\u00a0\u00a0\u00a0\u00a0\u00a0\u00a0\u00a0\u00a0\u00a0\u00a0\u00a0\u00a0\u00a0\u00a0\u00a0\u00a0\u00a0\u00a0\u00a0\u00a0\u00a0\u00a0\u00a0\u00a0\u00a0\u00a0\u00a0\u00a0\u00a0\u00a0 Gubernamentales<\/strong><\/p><p><strong>Tecnolog\u00edas de la informaci\u00f3n<\/strong><\/p>\t\t\t\t\t\t<\/div>\n\t\t\t\t<\/div>\n\t\t\t\t<div class=\"elementor-element elementor-element-724f76a elementor-widget elementor-widget-image\" data-id=\"724f76a\" data-element_type=\"widget\" data-widget_type=\"image.default\">\n\t\t\t\t<div class=\"elementor-widget-container\">\n\t\t\t\t\t\t\t\t\t\t\t\t\t\t\t<img loading=\"lazy\" decoding=\"async\" width=\"300\" height=\"199\" src=\"https:\/\/etgcorporate.com\/wp-content\/uploads\/2022\/08\/control-300x199.jpg\" class=\"attachment-medium size-medium\" alt=\"\" srcset=\"https:\/\/etgcorporate.com\/wp-content\/uploads\/2022\/08\/control-300x199.jpg 300w, https:\/\/etgcorporate.com\/wp-content\/uploads\/2022\/08\/control.jpg 388w\" sizes=\"(max-width: 300px) 100vw, 300px\" \/>\t\t\t\t\t\t\t\t\t\t\t\t\t\t\t<\/div>\n\t\t\t\t<\/div>\n\t\t\t\t<div class=\"elementor-element elementor-element-ae4fef5 elementor-widget elementor-widget-text-editor\" data-id=\"ae4fef5\" data-element_type=\"widget\" data-widget_type=\"text-editor.default\">\n\t\t\t\t<div class=\"elementor-widget-container\">\n\t\t\t\t\t\t\t<p>El objetivo principal del control interno es proteger y salvaguardar los bienes, valores, propiedades y dem\u00e1s activos propiedad de su empresa. Esto lo hacemos mediante la detecci\u00f3n y mitigaci\u00f3n de riesgos, la prevenci\u00f3n de fraudes y robos y la obtenci\u00f3n de informaci\u00f3n confiable y oportuna en materia administrativa, operativa, contable y financiera.<\/p><p>El control interno es la base donde descansan las actividades y operaciones de su organizaci\u00f3n, es decir, las actividades de producci\u00f3n, distribuci\u00f3n, financiamiento y administraci\u00f3n, entre otras, son regidas por el control interno.<\/p><ul><li>Implantaci\u00f3n, validaci\u00f3n y cumplimiento del control Interno<\/li><li>Manuales<\/li><li>Diagramas de flujo<\/li><li>Procesos y procedimientos<\/li><li>Matriz de riesgo<\/li><li>Entre otros m\u00e1s<\/li><\/ul><p><strong>Cont\u00e1ctenos para orientarlo en las necesidades de su empresa y los servicios que le convendr\u00edan para mejorar los procesos administrativos.<\/strong><\/p>\t\t\t\t\t\t<\/div>\n\t\t\t\t<\/div>\n\t\t\t\t\t<\/div>\n\t\t<\/div>\n\t\t\t\t\t\t\t<\/div>\n\t\t<\/section>\n\t\t\t\t\t\t\t<\/div>\n\t\t","protected":false},"excerpt":{"rendered":"<p>Soluciones Integrales \u00bfPor qu\u00e9 permitirnos \u00a0manejar sus temas contables, financieros y de auditor\u00eda? Brindamos acompa\u00f1amiento y asesor\u00eda ante autoridades por conflictos fiscales y financieros. Reducimos costos para la administraci\u00f3n de pagos conforme a las disposiciones fiscales vigentes. Proporcionamos informaci\u00f3n financiera para la toma de decisiones. Vigilamos que el proceso contable se ejecute dentro del marco &hellip;<\/p>\n<p class=\"read-more\"> <a class=\"\" href=\"https:\/\/etgcorporate.com\/index.php\/elementor-1312\/\"> <span class=\"screen-reader-text\">Contabilidad y Auditor\u00eda<\/span> Read More &raquo;<\/a><\/p>\n","protected":false},"author":1,"featured_media":0,"parent":0,"menu_order":0,"comment_status":"closed","ping_status":"closed","template":"","meta":{"om_disable_all_campaigns":false,"_monsterinsights_skip_tracking":false,"_monsterinsights_sitenote_active":false,"_monsterinsights_sitenote_note":"","_monsterinsights_sitenote_category":0,"site-sidebar-layout":"no-sidebar","site-content-layout":"page-builder","ast-global-header-display":"","ast-main-header-display":"","ast-hfb-above-header-display":"","ast-hfb-below-header-display":"","ast-hfb-mobile-header-display":"","site-post-title":"disabled","ast-breadcrumbs-content":"","ast-featured-img":"disabled","footer-sml-layout":"","theme-transparent-header-meta":"","adv-header-id-meta":"","stick-header-meta":"","header-above-stick-meta":"","header-main-stick-meta":"","header-below-stick-meta":"","footnotes":""},"aioseo_notices":[],"_links":{"self":[{"href":"https:\/\/etgcorporate.com\/index.php\/wp-json\/wp\/v2\/pages\/1312"}],"collection":[{"href":"https:\/\/etgcorporate.com\/index.php\/wp-json\/wp\/v2\/pages"}],"about":[{"href":"https:\/\/etgcorporate.com\/index.php\/wp-json\/wp\/v2\/types\/page"}],"author":[{"embeddable":true,"href":"https:\/\/etgcorporate.com\/index.php\/wp-json\/wp\/v2\/users\/1"}],"replies":[{"embeddable":true,"href":"https:\/\/etgcorporate.com\/index.php\/wp-json\/wp\/v2\/comments?post=1312"}],"version-history":[{"count":15,"href":"https:\/\/etgcorporate.com\/index.php\/wp-json\/wp\/v2\/pages\/1312\/revisions"}],"predecessor-version":[{"id":1437,"href":"https:\/\/etgcorporate.com\/index.php\/wp-json\/wp\/v2\/pages\/1312\/revisions\/1437"}],"wp:attachment":[{"href":"https:\/\/etgcorporate.com\/index.php\/wp-json\/wp\/v2\/media?parent=1312"}],"curies":[{"name":"wp","href":"https:\/\/api.w.org\/{rel}","templated":true}]}}